23 + 11))?
-12
Calculate -23 - -33 - (-9 - 3).
22
What is the value of -1597 + 1591 + -3 + (1 - 2)?
-10
0 - (0 - 3) - (12 + -14)
5
Evaluate 3 - -4 - (-21 + -12 + 27).
13
What is the value of 10 - 2 - (-487 - -505)?
-10
What is the value of 0 + (2 - -4) - (-5 + (21 - 4))?
-6
What is the value of (-9 - (-9 - -9)) + 9 + -5?
-5
What is 0 + 16 + -4 + -5?
7
Calculate (-7 - -7) + -7 + 12 + -4.
1
What is 0 - (-3 + (-4 + 8 - 12))?
11
What is the value of 26 - (13 + (9 - 16) + -1)?
21
What is (12 - -1) + (0 - 10) + 213 + -204?
12
Evaluate -9 - ((0 - 0 - -6) + 4 + -4).
-15
Evaluate -29 - -5 - -42 - (12 + -1).
7
Evaluate 15 + (3 + -3 - (1 - -7)).
7
-4 - -3 - ((7 - (-8 + 22)) + 1)
5
(19 - 9) + -14 + (12 - 7)
1
What is (-11 - -18) + 0 - 20 - -5?
-8
Evaluate (-3 - -5 - -2 - (5 - -1)) + 20.
18
What is the value of (96 - 65 - (-2 + 16)) + -36?
-19
Calculate 23 + -2 - (7 + -7).
21
7 - (-16 + 23 + (-2 - 0) - 5)
7
What is -11 + 2 + 15 + -7?
-1
What is 10 + -16 - 2 - (-14 + 14)?
-8
2 + 16 + (1 + -9 - (7 - 13))
16
What is 15 - (13 - -1 - (68 + -97))?
-28
6 - (-1 + 5 + (-1 - -2))
1
Calculate 19 + (-53 - -29) - (-12 - 1).
8
What is -18 + 21 - (9 + 2)?
-8
Evaluate (9 - (-6 + 13 + -7)) + -5 + 2.
6
Evaluate 5 + -14 + -6 - (58 - 70).
-3
-12 - (-9 + (-6 - -4) + 5 + 3)
-9
Calculate (-18 - -2) + (-10 - -17) - 4.
-13
What is (48 - (-8 + 48)) + 24?
32
Calculate 15 + (3 - -1 - -4) + (2 - 9).
16
What is the value of -1 - (-9 - (-2 + -28 + 9))?
-13
What is the value of 28 + -10 - 24 - -12?
6
Calculate -25 + -1 + 14 + 33.
21
Calculate -14 - ((14 - 11) + -2 - -5).
-20
-20 + 11 - -5 - (4 + 2)
-10
What is the value of (-4 - 0) + (12 - (16 + -22))?
14
What is the value of (-11 - -8) + 5 - (9 + (-35 - -9))?
19
(-6 - (-7 - 4)) + -4 + -2 - 3
-4
What is -19 - (-9 - (-13 + 58))?
35
Calculate -30 + ((-3 - -6) + 14 - 18).
-31
Evaluate 54 - 63 - (-7 - 4).
2
Evaluate -14 - (-9 - (9 - 13 - (4 - 11))).
-2
What is 1529 + -1523 + (2 - (-1 + 20 - -1))?
-12
Evaluate -225 + 227 - (-2 - 0).
4
What is 15 + (-1 - -1) + 6 + -9?
12
What is 0 + -1 + 206 + -192 + 6?
19
What is -13 + 3 - (1 + 6 + 1) - -9?
-9
Evaluate (15 - 19) + (1 - -13).
10
Evaluate -2 - ((5 - 11) + 5 - 8).
7
Calculate 7 - (0 + 7 + 6 + -7 + -7).
8
What is the value of -15 + (-15 - (-9 - 17))?
-4
What is the value of -42 + 4 + 15 + -6 + -4?
-33
What is -1 - (-21 + (5 - -4))?
11
6 - 43 - (-98 + 31)
30
What is -12 - -17 - (3 + 5 + -2)?
-1
Calculate -1 + 1 + (7 - -2) - -1.
10
Evaluate (13 - (8 - -4)) + -18 + -2.
-19
Evaluate -7 - (1 - -6) - (0 - -6) - -8.
-12
What is (14 - 9 - -13) + -30 + (-4 - 0)?
-16
What is the value of 4 - (-6 - ((-13 - -4) + 1)) - 17?
-15
-15 + (6 + -18 - -2)
-25
What is 6 + -10 - (-6 + -1 + 7)?
-4
Evaluate -12 - ((-35 - -64) + -40 - (-4 - -1)).
-4
4 + -10 + 6 + (-3 - -13 - 5)
5
What is the value of -221 - -195 - (1 - 18)?
-9
What is 31 + -2 + (-45 - -27)?
11
Calculate -10 + 2 + 8 + (-1 - 2) - -8.
5
What is the value of -3 + -11 + -16 + 7?
-23
-12 + -4 - -38 - (-2 - (1 - 6))
19
Calculate 46 + 21 + 10 + -41.
36
Evaluate -1 + -4 + 2 - -7 - -4.
8
What is the value of -5 + (1 - (24 + -9))?
-19
What is the value of 3 - (-3 + -1 + 9 + -14)?
12
Evaluate -27 - -21 - (-9 - (0 - 2)) - -2.
3
-9 - (-1 + -9) - (3 + 3)
-5
Evaluate 8 - (-5 + 13 - 10 - 5).
15
Calculate -8 - -36 - (-113 + 125).
16
What is the value of 17 + 0 + -13 + (6 - (2 - 8))?
16
(1 - (2 - 2)) + (-8 - (10 - 21))
4
What is (-2 - 1) + -3 + 1 + (-16 - -11)?
-10
What is -8 + 4 + 16 + (-5 - -1) - 3?
5
Evaluate 6 + (8 - 24) + 5.
-5
Calculate 11 - (10 + (2 - -22)).
-23
Evaluate (-1 - 0) + -2 + 0 - -12.
9
Calculate -2 - (-8 + 2) - (-5 + 13).
-4
What is 0 + (2 + 2 + (8 - 37) - -7)?
-18
What is 2 - (19 + -4 - -1)?
-14
What is -32 + 11 - (68 - 104)?
15
What is -4 - ((-6 - (-3 + 4)) + (-23 - -64))?
-38
Calculate -6 - (-1 - 11) - (-4 - (-17 - 1)).
-8
Calculate (-2 - (-1 - (0 - 0))) + -73 + 61.
-13
Evaluate 30 + (-13 - 4) - -5.
18
Evaluate (-6 + 12 - 18) + -10 + (-9 - -27).
-4
Evaluate 9 + -7 + (2 - -1).
5
What is (7 - 1) + (146 - 142)?
10
Evaluate (5 - 0 - (4 - 8)) + 6 + 0.
15
9 + -10 + (-21 - -6 - -6)
-10
Evaluate -1 - ((8 - 3) + -6 + (13 - 8)).
-5
What is (200 - 208) + 4 + 1?
-3
What is 9 + ((-10 - -10) + -11 - -20)?
18
Calculate 2 + (7 - 0) - (-66 + 81).
-6
Calculate -11 + (5 - (26 - 10)) + 8.
-14
Calculate 5 + -3 + 5 - (38 + -50).
19
Calculate -52 - -10 - -36 - (3 + 0).
-9
4 + -13 - (27 - (29 - 15))
-22
What is -3 + 2 + (-3 - -8) + -34 + 9?
-21
Evaluate -42 + 25 + 10 - (-2 - (0 + 1)).
-4
Calculate 1 + 5 + 0 + -8 + 4 + -7.
-5
4 + -1 + 5 + (3 - 1)
10
What is (-58 - -58) + (1 - 1)?
0
Calculate 31 + ((-10 - -10) + 10 - 15) + -4.
22
45 + 0 - (1454 - 1428)
19
What is 0 - (2 + (17 - 2) - (1 + 5))?
-11
Calculate 15 - (-9 + 4 + 22).
-2
What is 13 + -7 - -11 - (-4 + 2)?
19
15 + (57 - 51 - (2 + 20))
-1
What is 7 - 24 - (-9 + (9 - 2))?
-15
Evaluate (-97 - -91) + (3 - 9).
-12
Calculate 2 + 2 - (12 - 7) - -9.
8
Evaluate -14 + 33 - 8 - (-2 + 6).
7
What is -1 + 1 + (-12 - (23 + -28))?
-7
Evaluate -6 - -1 - (-17 + 27 + -5) - -39.
29
Evaluate -10 + 3 - 1 - (-9 - (-11 - -4)).
-6
What is 350 + -342 + (3 - 2 - 2 - 1)?
6
Evaluate 37 - 5 - (8 + 10).
14
Calculate (-11 - -22) + -30 + 0 - 0.
-19
Calculate -22 - (22 - 17 - ((-1 - -4) + 3)).
-21
Calculate (-25 - (4 - 6) - -6) + 7.
-10
What is the value of 31 + -43 + -3 + 23?
8
Evaluate 5 - 4 - (10 - 21).
12
Calculate -1 - (2 - -2) - (15 - 4 - 9).
-7
What is the value of 7 + -2 + 1 - (-66 - -76) - -1?
-3
Calculate (-3 - ((2 - 4) + -1 + -3)) + -9.
-6
Evaluate (2 - (0 + 6 + -4)) + 292 + -323.
-31
What is -29 - (4 + (-30 - 2) - -15)?
-16
What is 32 + -24 - (-11 - 5 - -5)?
19
What is the value of -14 + -14 + 41 + -20?
-7
Calculate (38 - -1) + 2 + -23.
18
0 - (-3 - (10 + -6 + -18 + 6))
-5
Evaluate (0 + 6 + -9 - (0 - -6)) + 1.
-8
Calculate (-3 - 14) + (47 - 20).
10
Calculate 4 + 3 + -1 + (-24 - -65 - 19).
28
What is 1 - ((-7 - -9) + 3) - 0?
-4
What is the value of (-2 - 14 - -7) + 26 + -2?
15
What is (0 - -3) + (-66 - -59)?
-4
(1 - -3) + -2 + (8 - (-1 + 3))
8
What is the value of 274 - 284 - (0 - (1 + 22))?
13
What is (-28 - -86) + 5 + -33?
30
(75 - 86 - (0 + -11)) + (2 - 2)
0
Evaluate (1 - -7) + 12 + -18 + 2 + 2.
6
What is (-7 - -21 - 10) + -14 + -1?
-11
What is -6 + (-25 - -31) + (2 + -1 - 10)?
-9
Evaluate -17 - (5 + -14) - (5 + (-6 - -1)).
-8
What is the value of -13 + (33 - 5) + -21?
-6
Evaluate 3 - 20 - (2 + -12) - -6.
-1
What is the value of (28 - 43) + (-7 - -8)?
-14
11 + 19 + -66 + 15 + 5
-16
What is the value of 2 + -3 + 15 + -1?
13
What is (5 + -5 - (9 + 0)) + (-105 - -100)?
-14
Evaluate -3 + (-2 - -3 - -4) + 6.
8
What is 7 + -5 + 2 - 14?
-10
(35 - 51) + 2 + 4 + 16
6
What is the value of 667 + -675 - (-3 + -9 + (-3 - -1))?
6
Evaluate 17 - 0 - (-6 + 0 + 2).
21
What is 3 + 4 + (-9 - -1) + 30?
29
(-5 + 3 + 14 - 10) + 20 + 3
25
Calculate -25 - -5 - -36 - 12.
4
-5 + (8 - -21 - 9) + 1
16
-6 + 10 + (-6 - (-3 - -2)) - -11
10
What is the value of -47 + 4 + 14 + (4 - 2)?
-27
Calculate -21 - (-25 + 13 + 12 - (6 - 0)).
-15
What is the value of (2 - 17) + 50 - 23?
12
What is (12 - (-3 + -13 + 11)) + -17?
0
Calculate -1 + 6 + -17 + 9 - (-4 - -3).
-2
42 + -14 + (9 - (5 - -16))
16
What is -6 + (-4 + 4 - -2 - 1) - -5?
0
What is the value of 2 + (9 + 6 + -6 - 8 - -9)?
12
Calculate -5 + (20 - (13 - 21) - 10).
13
Evaluate 14 + (-5 - 6) + (13 - -3).
19
(-37 - 1) + 17 + (-43 - -21) + 9
-34
Evaluate (2 + -8 - 3) + -30 + 15.
-24
Calculate (32 - (19 - 4)) + 3.
20
3 - (-11 - -9) - (3 + -5) - 19
-12
What is the value of (-13 + -2 - -21) + -13?
-7
Evaluate (4 + 22 - (3 - -2)) + -10.
11
Calculate 7 + 10 + 1 + -8 - 11.
-1
(-8 - -4) + (-10 - -5) + -1 + 0
-10
What is 0 - (-10 - -3) - (19 + (-9 - 4))?
1
Calculate 14 - (-16 - (-7 - 30)).
-7
What is -3 + 1 + 3 + -20 + 12 + 19?
12
What is -48 + 75 + 3 + -32?
-2
What is the value of 6 + (-12 - (1 + -2 + -7) - 5)?
-3
Evaluate -22 - (3 - 29) - -8.
12
What is 3 + (16 - 20) - -8?
7
Calculate -8 + (8 - 2) + 10 - 3.
5
What is the value of 1 + (1 - (-15 - (11 - 17)))?
11
-4 + -3 - -9 - 15
-13
-17 + 29 + (-8 - 0 - 2) - 4
-2
Calculate -4 + 2 - 1 - (12 - 21 - -21).
-15
What is -4 + 0 - (7 + -9 + 2 + 15)?
-19
What is the value of (16 - 9) + -45 + 38?
0
Evaluate (3 - -4) + (-8 - (-11 + 2)) + 4.
12
Calculate (-1 + 1 - 4) + (-46 - 2 - -50).
-2
